Let o be 3 + (0/1)/(-3). Suppose -2*c + 50 = o*c. What is the tens digit of c?
1
Suppose -2*j = j. What is the tens digit of j + (2 - -26) + -1?
2
Let f(r) be the first derivative of r**5/120 - r**4/12 - 2*r**3/3 - 1. Let l(i) be the third derivative of f(i). What is the units digit of l(8)?
6
Let r = -6 - 0. Let k = -4 + 4. What is the tens digit of (k + -4)/(2/r)?
1
Let q(g) = g**3 - 10*g**2 - 8*g + 11. Let z be q(11). Suppose 3*f - z = -14. What is the units digit of f?
0
Let q(k) = k**3 + k**2 - k + 2. Let s be q(2). Let g be ((-55)/15 + 3)*15. What is the units digit of (-20)/8*s/g?
3
Let g(z) = -85*z**3 - z. What is the units digit of g(-1)?
6
Suppose -2*c + h = -103 - 516, c - 305 = 2*h. What is the tens digit of c?
1
Let x(t) = -t + 7. Let w be x(5). Suppose 0 = -4*r + 2*r + w, -r = 3*k - 25. What is the units digit of k?
8
Let y(l) = -l**2 - 5*l + 8. What is the units digit of y(-6)?
2
Let c be 1/((2/(-6))/1). Let k(u) = u**3 + 4*u**2 + 2*u + 2. Let r be k(c). Suppose 0 = -5*l + 4*z + 13, 40 = l + 4*l + r*z. What is the units digit of l?
5
Let s(c) be the third derivative of -c**5/60 + 7*c**4/12 + 3*c**3/2 - c**2. What is the units digit of s(11)?
2
Let o(u) = u + 10. Let t be o(-7). Suppose -t*b + b + 6 = 0. Suppose 5*y - 12 - b = 0. What is the units digit of y?
3
Suppose -4*j + 1 = -15. Suppose 0*d = j*d - 12. Suppose 0*y = -d*y + 18. What is the units digit of y?
6
Let s = -2 + 4. Let c be 6*2 - (-1 + s). Suppose 4*k = 4*f + k - 17, -4*k - c = -3*f. What is the units digit of f?
5
Let x = 4 + 27. Suppose x = -5*d + 11. What is the units digit of (-8)/d + 6/2?
5
What is the hundreds digit of 389 + (5 + -2)*-1?
3
Suppose 0 = -2*f - 3*f - 4*a + 222, -5*a = -3*f + 111. What is the tens digit of f?
4
Let n = -15 + 25. What is the tens digit of n/(-15) + 59/3?
1
Let u(f) = 2*f**2 + 4*f. Let v = 4 + -1. Let b be u(v). Suppose 2*t = -5*d - 3*t + b, -8 = 4*t. What is the units digit of d?
8
Suppose -3*y + 384 = -72. What is the units digit of y?
2
Let m be (9/12)/((-2)/(-8)). Suppose 38 = m*x - 5*c, 4*x - 42 = -c - c. Let d = -1 + x. What is the units digit of d?
0
Let x(z) = -7*z + 3. What is the tens digit of x(-4)?
3
Let m = 100 - 33. What is the tens digit of m?
6
Let i(n) = 1. Let z(s) = 2*s**2 - s. Let b(o) = -2*i(o) + z(o). Let f be b(-2). What is the units digit of (-1)/((1/f)/(-1))?
8
Suppose -3*o - 2*x - 279 = 0, 2*o - 2*x = -3*x - 187. Let g = o + 150. What is the tens digit of g?
5
Let b = -56 - -79. What is the tens digit of b?
2
What is the hundreds digit of (-3 - 0) + 248 + 1?
2
Let a = -11 + 43. What is the units digit of a?
2
Let a = -25 - -7. Suppose -15*o + 300 = -5*o. Let t = o + a. What is the tens digit of t?
1
Let r be 6/8 + (-65)/(-4). Let p = r + -11. Suppose 2*f = p*f - 24. What is the units digit of f?
6
Suppose -3 = k - 13. Let y be (14/5)/(2/k). Let c = y - 2. What is the tens digit of c?
1
Let z = 6 - 4. Suppose 3*d = -c + 2, d + 5*c = 8 + z. Suppose d*u = u - 11. What is the units digit of u?
1
Let o be 0 + (20 - (-1 + 0)). Let q be (-16)/6*(-21)/14. Suppose q*j = j + o. What is the units digit of j?
7
Let b(a) = -a**3 + 5*a**2 + 6*a - 4. Let i be b(5). Suppose 2*g - i = -2*o + 58, -o = -2*g + 69. What is the tens digit of g?
3
Suppose -3*u + 6*u + 4*p = 7, 0 = 5*u - p - 27. Suppose -a + 1 = -u. What is the units digit of a?
6
Suppose 0 = -5*b - 6 - 14. Let n be (-69)/b - 6/24. Suppose -n = -0*m - m + 3*g, 0 = -5*m - 3*g + 49. What is the tens digit of m?
1
Let w(m) = -m**2 + 13*m - 11. What is the tens digit of w(5)?
2
Let m(w) = 4*w**2 - 4*w + 0*w**2 + 8 - 5*w - 5*w**2. Let h be m(-7). What is the tens digit of 6/(-33) - (-290)/h?
1
Suppose y - 2 = 2. What is the tens digit of y/16 - 118/(-8)?
1
Let b be (-7)/((0 + -2)/(-2)). Let l = 12 + b. What is the units digit of l?
5
Let q(m) = -m**2 + m + 168. What is the hundreds digit of q(0)?
1
Suppose -4 = -4*t - a + 19, 5 = -a. Suppose t*c - 2*c = 45. What is the units digit of c?
9
Let t(j) = -16*j + 37. What is the units digit of t(-15)?
7
What is the tens digit of 12/42 - (1888/(-7) + 1)?
6
Suppose -24 - 18 = -b. What is the tens digit of b?
4
Let x(k) = k - 3. What is the units digit of x(6)?
3
Let m(v) = -v**3 + 9*v**2 + 2*v - 10. Let j be m(8). Suppose 0 = 3*y + 4*f - j, -5*y + 98 = 4*f - 2*f. What is the tens digit of y?
1
What is the units digit of ((-8)/12)/(2/(-102))?
4
Let y(c) = -4*c - 46. What is the units digit of y(-26)?
8
Suppose 3*f - 1 + 4 = 0. Let n(q) = -2*q + 2. What is the units digit of n(f)?
4
Let s(c) = c**3 - 4*c**2 + 3*c. Let b be s(3). Let k(v) = -v**3 - v + 17. Let a be k(b). Suppose 5*r = x - a, 2 = -r + 1. What is the tens digit of x?
1
Let v(u) be the second derivative of -1/6*u**3 + 0 - 3*u + 7/2*u**2. What is the units digit of v(6)?
1
What is the tens digit of 69/4*8*(-1)/(-2)?
6
Let z(m) = m**3 - 4*m**2 - 1. Let l be z(2). Let w = 29 + l. What is the units digit of w?
0
Let b = -5 + 10. Suppose 0*d - 3*d + b*u + 3 = 0, 2*d = 5*u - 3. What is the units digit of d?
6
Suppose 5*s - 1225 = -d, -4*s + 4*d = -601 - 403. What is the units digit of s?
6
Let b(x) = 3*x + 8. Let i be b(-9). Let o = -15 + 2. Let f = o - i. What is the units digit of f?
6
Let f be (-33)/(-9) - (-1)/3. Suppose -c = f*c - 125. What is the units digit of c?
5
Suppose -32 = -x - 5*c, -x + 2 = -2*c + 5. Suppose -4*h + x = -5. What is the units digit of h?
3
Let d = 185 - 66. Suppose -5*r = -d + 9. What is the units digit of r?
2
Let d = 9 + -5. Suppose -4*k = 3*t, k = d*k + 9. Suppose 0 = -4*x + 20 - t, 2*q = -x + 8. What is the units digit of q?
2
Let g = 149 - 69. What is the units digit of g?
0
Suppose 4 = -q + 1. Let p = q + 3. What is the units digit of 16 + 0 - p - -1?
7
Let j be -2*2*87/(-12). Let m = -2 + j. What is the tens digit of m?
2
What is the tens digit of 62 + 0 + 0 + 16 + -19?
5
Let v = -97 - -193. What is the units digit of v?
6
Let v be 1/1 - (-10)/(-2). Let g(m) = -2*m - 3. Let w be g(v). Suppose k + 2*p = -4*k + 41, 2*k - w*p - 28 = 0. What is the units digit of k?
9
Let h be (10/(-25))/((-22)/20 - -1). Let b(u) = u**2 - u + 4. Let t be b(0). Suppose d = -3*q - q - 10, -h*d + 8 = t*q. What is the units digit of d?
6
Let i(o) = o + 38. What is the units digit of i(20)?
8
Suppose -5*z = -s - 13, z - 3*z - 2*s - 2 = 0. Suppose -z*c = -c - 18. Suppose 43 = 5*x + c. What is the units digit of x?
5
Let x(b) = -9*b - 4. Let t be x(-4). Suppose -5*u + 18 + t = 0. What is the tens digit of u?
1
Let l(u) = -u**2 - u**3 - 9*u**2 + 12 - 14*u - 19. What is the units digit of l(-9)?
8
Let n be (12/(-10))/((-2)/5). Suppose i - 84 = -n*i. What is the tens digit of i?
2
Suppose 5*v + 54 = -4*t, -4*v - 22 - 8 = 2*t. Let q(a) = -6*a - 17. What is the units digit of q(t)?
9
Let h(j) be the first derivative of -j**3/3 - j**2/2 + 8*j + 2. What is the units digit of h(0)?
8
Suppose 2*u - 5*y - 5 + 18 = 0, 2*u - 22 = -2*y. Suppose -u*o + o + 80 = 0. What is the units digit of o?
6
Let p = 3 + 2. Suppose -p*j + 37 = -33. What is the tens digit of j?
1
Suppose 0 = -d - 2*p - 6, 5*p + 20 = -3*d - 2*d. What is the tens digit of 12/(d*(-2)/6)?
1
Let i = 0 + 1. Let k be -1 + 3 + 0/i. Suppose -3*t - 3 + k = -r, -t = -1. What is the units digit of r?
4
Let m(k) = k**2 - 20*k + 33. What is the hundreds digit of m(24)?
1
Suppose -m + 15 = 5*v, 2*m - 4 + 2 = 4*v. Suppose 13 = 5*q - v. Suppose 0 = -0*l - q*l + 21. What is the units digit of l?
7
Suppose -x + 2*z + 38 = 0, -23 + 102 = 3*x + z. What is the units digit of x?
8
Suppose -16 = -6*i - 2*i. What is the units digit of i?
2
Let l(m) = m**3 - m**2 + 32. What is the tens digit of l(0)?
3
Let v(g) = -g**2 + 14*g + 5. What is the units digit of v(7)?
4
Let v(g) = g**3 + 8*g**2 - 2. Let k(f) = -f**2 + f + 1. Let z(a) = -5*k(a) - v(a). What is the tens digit of z(-3)?
1
Let g be (3 - (-6)/(-4))*10. Suppose 45 = j - 6*j. Let q = j + g. What is the units digit of q?
6
Suppose -5*c + 6 = 1. Let l = c + 5. What is the units digit of l?
6
Suppose -4*h + 3*h + 2*x + 9 = 0, 9 = 2*h - x. Suppose 3*a + h = 4*a. Suppose -5*r + a*q + 39 = 0, -r + 0 = 3*q - 15. What is the units digit of r?
9
Let h = 13 + -46. Let a = 52 + h. What is the units digit of a?
9
Let r(t) = t**2 - 3*t**2 + 13 - 8*t - t + t**2. What is the units digit o